 - k. What is the units digit of i?
2
Suppose 2*p - 15 = 39. Let l = 87 - p. What is the units digit of l?
0
Suppose 50*o - 95486 = -39086. What is the units digit of o?
8
Suppose 10*y - 6342 = -4*y. What is the tens digit of y?
5
Let c be (-1)/(-7)*5 - 8/(-28). Let g(h) be the second derivative of h**3/2 + 2*h. What is the units digit of g(c)?
3
Let l(b) = b + 18 - 11*b - 17. What is the units digit of l(-1)?
1
Let l = 2773 - 1329. What is the hundreds digit of l?
4
Let m(z) = 13*z + 26. Let a be m(12). Let d = a - 90. What is the units digit of d?
2
Let t = 28 + -1. Let o = 32 - t. Suppose -w + 78 = o*w. What is the tens digit of w?
1
Let j = -438 + 9. What is the units digit of (-6)/9 + j/(-9)?
7
Let p be (-3909)/(-12) + 6/(-8). Suppose 23*d - p = 18*d. Suppose -d = -4*z + 4*m + m, -2*m = 5*z - 73. What is the tens digit of z?
1
Suppose 7*o + 32 = 4*c + 2*o, -8 = -c + 3*o. Suppose -c = 2*w - 0, 5*s - 391 = 4*w. What is the units digit of s?
5
Suppose -6*m = -3824 + 908. What is the tens digit of m?
8
What is the tens digit of -5 + 62/12 + 5374/12?
4
Let w = -39 + 39. Suppose -4*b + 104 = -w*b. What is the tens digit of b?
2
Let y = -207 - -409. What is the units digit of y?
2
Let y be -2 + 1 + (380 - 9). Let o = y - 264. What is the hundreds digit of o?
1
Let p = -72 + 76. Suppose -p*x - 630 = -5*l, 0*l - 3*l + x = -385. What is the units digit of l?
0
Suppose -5*n + 892 = 2*l - 317, -5*n + l = -1218. Suppose -5*r + 0*s + 271 = 4*s, -5*r + 3*s + n = 0. Let b = -26 + r. What is the units digit of b?
5
Let f(a) = -5*a - 2. Let q be f(3). Let r = q - -98. What is the tens digit of r?
8
Let t(o) be the second derivative of 149*o**4/6 + 3*o + 1. What is the hundreds digit of t(1)?
2
Let b = -130 + 230. What is the tens digit of (1 + -76)/((-30)/b)?
5
Let p(a) = -775*a - 418. What is the units digit of p(-5)?
7
Suppose 8*a = 10*a + 52. Let t = 84 + a. What is the units digit of t?
8
Let l(q) = -q**2 - 7*q + 10. Let r(x) = x**2 + 8*x - 9. Let a(b) = -2*l(b) - 3*r(b). Suppose 3*h = -f - 5, -2*f - 41 = 3*f - h. What is the tens digit of a(f)?
2
Suppose 4*b + 199 = n + 2, -b = 2*n - 376. Suppose -w - 4*x + n = -2*x, 4*x = w - 201. What is the units digit of w?
3
Suppose 48*d = -18*d + 46992. What is the tens digit of d?
1
What is the tens digit of (8 - -1)/(1272/180 - 7)?
3
What is the tens digit of 3/((-21)/(-3661)) - (4 + -2)?
2
Let m = -50 - -51. Suppose -2*p - 25 = -3*v, p = -3 + m. What is the units digit of v?
7
Let z = -1342 - -1605. What is the tens digit of z?
6
What is the thousands digit of (1728/(-360))/(-1 - 677/(-680))?
1
Suppose -4*k - 16 = -2*k. Let a(t) = 4*t**2 + 22*t + 8. What is the units digit of a(k)?
8
What is the units digit of (-2 - (-3)/(-5))/(49/(-26705))?
7
Let d be 3 + (-1)/1 - 0. Suppose -d*h + 376 = 6*h. What is the tens digit of h?
4
Let k be (-30)/(-8) - (-8)/32 - -2. Let t = 7 - k. What is the units digit of t?
1
Suppose -580 = -3*j - r + 5609, -2*r = -5*j + 10315. What is the hundreds digit of j?
0
Suppose 13*a - 14 = 6*a. Suppose a*o + 19 = 9. What is the tens digit of 14/(-2 + (-11)/o)?
7
Let i be (-2)/(-3) - 2*(-993)/18. Let d = i + -45. What is the units digit of d?
6
Let r(u) = -u - 6. Let a(q) = q**3 + 5*q**2 + q - 3. Let b be a(-5). What is the units digit of r(b)?
2
What is the thousands digit of (8424/(-14) + 2)/((-184)/644)?
2
Let n be 0/2 - 3 - (-100)/4. What is the units digit of (-29724)/(-132) + (-4)/n?
5
What is the tens digit of 34665/45 - 8/(-12)?
7
Let a(w) be the third derivative of -17*w**4/8 + 5*w**3/2 + 28*w**2. What is the units digit of a(-5)?
0
Let b(u) = u**3 - 2*u**3 - 340*u + u**2 + 61 + 341*u. What is the tens digit of b(0)?
6
Let x be ((-3)/(-2))/((-9)/(-12)). Suppose 0*d - 8 = x*z - 2*d, -5*d + 20 = 3*z. Suppose a = 3 - z. What is the units digit of a?
3
Suppose 2*x - 1272 - 179 = -5*g, -3*g + x = -864. What is the units digit of g?
9
Let d(f) = f**3 - 6*f**2 + 5*f - 3. Let l = -7 + 10. Suppose 0 = -5*o + 4*m + 14, 3*o - m = l*m + 2. What is the units digit of d(o)?
7
What is the units digit of (8 - (-13)/(-2))*2062?
3
Let s(w) = 6*w**2 - 13*w + 11. Let u(a) = -2*a**2 + 4*a - 4. Let y(h) = 3*s(h) + 8*u(h). Let g be y(4). Let f = g + 26. What is the tens digit of f?
3
Let w = 7442 - 3489. What is the units digit of w?
3
Let v = -1105 + 2099. What is the tens digit of v?
9
Let v be ((-4)/8 - 0)*(2 - 2). What is the units digit of (4 - -22 - v)*2?
2
Let d = 93 - 65. Suppose -d = 5*j - 6*j. What is the tens digit of j?
2
Let l(x) = x**3 + 19*x**2 + 3. Let v be l(-19). Let n be -1 - (-13*1 - -2). Suppose n = 2*a + v*a. What is the units digit of a?
2
Let g(c) = 72*c + 28. What is the units digit of g(6)?
0
Let m(i) = -139*i - 285. What is the hundreds digit of m(-4)?
2
Suppose -25*p = -14*p - 5115. What is the tens digit of p?
6
Suppose -2*l + 0*l + 6 = 0. Suppose -l + 68 = a. What is the units digit of a?
5
Let z(j) = 5*j - 3*j**3 + 3*j - 7*j. Let v be z(-1). Suppose v*c - 5*c + 2*q = -77, 5*q + 17 = c. What is the units digit of c?
7
Suppose -17 - 6 = -3*t - 4*s, 4*t = 5*s + 10. Suppose t*q = -a - 3*a + 169, 3*q - 95 = -4*a. What is the tens digit of q?
3
Let k = 3 - 8. Let d(n) = n**3 + 4*n**2 - 4*n - 5. Let h be d(k). Let p = 11 - h. What is the units digit of p?
1
Suppose o = 6*o + 4*t - 296, -5*t = 5*o - 295. Let c = -26 + o. What is the tens digit of c?
3
Let w(t) = t**2 - 13*t + 23. What is the tens digit of w(18)?
1
Suppose 0 = -t + 3, 13 = 2*y + 4*t - 17. What is the units digit of (y - 1)/(20/470)?
8
Let q(j) = 23*j**2 + j + 2. Let g(a) = 2*a**2 - 4*a + 2. Let c be g(2). Let x be q(c). Let u = x - 51. What is the units digit of u?
5
Suppose 6*v = 3*v - 3*d + 990, d + 669 = 2*v. What is the hundreds digit of v?
3
Let i = 8445 - 4829. What is the tens digit of i?
1
Let p be 40/4 + -1 + -1. Let r be ((-26)/p)/((-2)/32). What is the tens digit of -3 + r/2 - 0?
2
Let b(a) = a**2 - 8*a. Let v be b(-7). Let c = v + 12. What is the units digit of c?
7
What is the units digit of 3/6 + (-85799)/(-34)?
4
Suppose -3*q + 5*q + 2*w - 10 = 0, 20 = -q + 4*w. Suppose -3*i = -4*o, q*o = 3*o - 2*i. Suppose n - 11 - 15 = o. What is the tens digit of n?
2
Suppose -424 = 4*t - 5*l, -2*t - 138 - 68 = -l. Let m = 383 - 537. Let c = t - m. What is the tens digit of c?
5
What is the thousands digit of ((-25)/((-300)/(-16)))/((-4)/4206)?
1
Let m be (-2)/((6/21)/1). Let n be -3 - -2 - (m + -16). What is the units digit of 92/22 - 4/n?
4
Suppose 0 = 13*q - 10*q - 9. Let a(b) = -1. Let h(p) = -3*p**2 + 4*p - 8. Let n(w) = 5*a(w) - h(w). What is the tens digit of n(q)?
1
Suppose -3*a - 6*y + 37 = -y, y = 3*a - 7. Let o be 6/a*42/9. Suppose 8*g - o*g - 8 = 0. What is the units digit of g?
8
Suppose -2*m + 40 = 2*m. Let s = 2 + m. What is the tens digit of s?
1
Let j be (-40)/(-18) - 2 - (-18976)/144. Let u = -4 + j. What is the tens digit of u?
2
Suppose -2*u - 2*p = -7*u + 2637, u = -3*p + 524. What is the tens digit of u?
2
Suppose 0 = -6*y + 20 - 8. Suppose y*x - 11 - 19 = 0. What is the units digit of x?
5
Let y be 1 + (-1606)/14 - 32/112. What is the tens digit of (1 + 0)*(-4 + y/(-3))?
3
Let i(r) = 13*r**2 + 6*r + 6. Let p(d) = -2*d + 5 + 24*d**2 - 10*d**2 + 7*d. Let s(h) = -4*i(h) + 5*p(h). What is the units digit of s(-1)?
8
Let u = 5340 - 3583. What is the thousands digit of u?
1
Let h(d) = -d**3 - 2*d**2 + 2*d + 1124. What is the units digit of h(0)?
4
Suppose 47 = 3*u - 2*i, 3*u - 54 = 3*i - 3. Let v = 13 - u. Suppose v = 4*z - 8*z + 128. What is the tens digit of z?
3
What is the thousands digit of 3682 + (115/20 - (-15)/(-20))?
3
Let s = -35 - -37. Suppose 2*w - 205 = 3*g, 395 = -s*w + 6*w - 3*g. What is the tens digit of w?
9
Suppose -4*f + 103 = 2*q - 77, -8 = 4*q. What is the units digit of f?
6
Suppose -4*y + 434 = -2*b, -218 = -5*y - b + 307. Let l = y - 75. What is the tens digit of l?
3
Suppose 4*z = d + 144, 2*z + 0*d - 72 = 2*d. Suppose -v = z - 46. What is the tens digit of v?
1
Suppose 2*y + 2*q - 29 - 239 = 0, -535 = -4*y - 5*q. Suppose -5*u - y = -n - 2*u, 661 = 5*n - u. What is the units digit of n?
2
Suppose 0*k - 3*k + 5*p = -875, 5*k - p = 1473. Let s = k - 80. What is the hundreds digit of s?
2
What is the units digit of (-6521)/(-10) + 14/(-140)?
2
What is the units digit of